
False
Does 42 divide 9183678?
True
Is 19152807 a multiple of 185?
False
Is 25604260 a multiple of 307?
False
Is 27 a factor of 911626326?
True
Is 30 a factor of 10747470?
True
Is 517 a factor of 1747697303?
True
Is 1541 a factor of 318569479?
False
Is 50 a factor of 230213709?
False
Is 343 a factor of 45642049?
False
Does 13 divide 314775030?
False
Is 1069554286 a multiple of 23?
False
Does 1352 divide 917181882?
False
Does 123 divide 344235106?
False
Is 13 a factor of 36163547?
False
Is 154651224 a multiple of 4732?
True
Is 58 a factor of 63512958?
True
Is 2973 a factor of 187403441?
False
Is 108821376 a multiple of 9?
True
Is 335502459 a multiple of 21?
False
Does 68 divide 488369336?
True
Is 267049006 a multiple of 65?
False
Does 1020 divide 516554520?
True
Is 6197486036 a multiple of 14?
True
Does 640 divide 78837760?
True
Does 3 divide 5864686?
False
Is 679 a factor of 172355739?
False
Is 1631661162 a multiple of 29?
True
Is 175419 a multiple of 9?
True
Is 217 a factor of 14241059?
True
Is 77734718 a multiple of 369?
False
Is 19 a factor of 28358089?
True
Is 24535664 a multiple of 1403?
True
Is 264 a factor of 9314976?
True
Is 643003327 a multiple of 819?
False
Is 401984937 a multiple of 423?
True
Is 50 a factor of 356387500?
True
Does 29 divide 130862920?
False
Is 1930 a factor of 845116120?
True
Is 4 a factor of 201231635?
False
Is 17 a factor of 261880261?
False
Is 98976071 a multiple of 53?
False
Is 14 a factor of 373390794?
True
Is 4643589070 a multiple of 662?
True
Does 639 divide 65465921?
False
Is 242178391 a multiple of 2119?
True
Does 126 divide 600593364?
True
Is 299 a factor of 77710997?
True
Is 51561408 a multiple of 32?
True
Does 6 divide 23576650?
False
Is 52314522 a multiple of 962?
True
Is 869943695 a multiple of 646?
False
Is 31 a factor of 303911188?
False
Does 26 divide 447193599?
False
Does 36 divide 131795388?
True
Is 18 a factor of 244228104?
True
Does 42 divide 19862431?
False
Does 83 divide 535403037?
True
Is 79433835 a multiple of 126?
False
Does 110 divide 26215530?
True
Is 11849466 a multiple of 11?
False
Does 18 divide 1449741618?
True
Is 292 a factor of 411012130?
False
Does 457 divide 13279963?
True
Does 564 divide 46721679?
False
Does 150 divide 20656308?
False
Does 8756 divide 3089333530?
False
Is 46174277 a multiple of 778?
False
Is 19546920 a multiple of 30?
True
Does 41 divide 64941943?
False
Is 16601992 even?
True
Is 20657015 a multiple of 1732?
False
Does 3365 divide 334031535?
False
Does 275 divide 1469638225?
True
Does 1127 divide 23123786?
True
Is 1479064329 a multiple of 201?
True
Does 3 divide 242419374?
True
Is 4299952 a multiple of 4?
True
Is 15 a factor of 56758815?
True
Does 5038 divide 114943490?
False
Does 257 divide 9843710?
False
Is 104 a factor of 54758501?
False
Is 412 a factor of 204194244?
False
Is 34628790 a multiple of 35?
True
Is 1646 a factor of 30525070?
True
Does 1021 divide 63457360?
False
Is 878984432 a multiple of 2146?
True
Is 21 a factor of 11900049?
True
Is 2834 a factor of 3452905924?
True
Is 488996200 a multiple of 70?
True
Does 5373 divide 145371888?
True
Is 92631439 a multiple of 14?
False
Is 13 a factor of 37163347?
True
Is 29373614 a multiple of 51?
False
Does 883 divide 124849166?
False
Is 49 a factor of 27943031?
False
Does 375 divide 57128250?
True
Does 2531 divide 35644073?
True
Is 27 a factor of 297448011?
True
Is 164 a factor of 916619288?
True
Is 495616288 a multiple of 417?
False
Is 12 a factor of 14504380?
False
Is 936 a factor of 80169336?
True
Is 2308 a factor of 55173302?
False
Is 214331750 a multiple of 629?
True
Does 1007 divide 10043818?
True
Does 3302 divide 2202434?
True
Does 45 divide 28009758?
False
Is 3 a factor of 2404308?
True
Is 398091578 a multiple of 548?
False
Is 706 a factor of 6165754278?
True
Is 67 a factor of 934222?
False
Does 542 divide 15427937?
False
Is 268256161 a multiple of 53?
True
Does 9333 divide 3425770980?
True
Is 106 a factor of 111872683?
False
Is 515490112 a multiple of 184?
False
Is 6700594 a multiple of 3?
False
Is 4 a factor of 22250362?
False
Does 6 divide 1919310406?
False
Is 302993222 a multiple of 446?
True
Does 14 divide 1008803867?
False
Does 3265 divide 209239596?
False
Does 146 divide 142029092?
True
Is 257615984 a multiple of 13?
False
Is 6570 a factor of 1875826980?
True
Does 24 divide 125720720?
False
Is 151686244 a multiple of 53?
False
Is 479 a factor of 52085502?
True
Does 15 divide 87092145?
True
Is 88 a factor of 5432482?
False
Is 47268699 a multiple of 1066?
False
Is 236795686 a multiple of 81?
False
Is 74247456 a multiple of 148?
True
Does 20 divide 33659900?
True
Does 56 divide 2255704192?
True
Is 253040881 a multiple of 72?
False
Is 164642413 a multiple of 84?
False
Is 17 a factor of 1115939530?
False
Does 1613 divide 63942546?
True
Does 2074 divide 194777636?
True
Does 872 divide 15088684?
False
Does 996 divide 171021677?
False
Is 25 a factor of 214827158?
False
Is 541 a factor of 69688834?
False
Is 401 a factor of 44827479?
False
Is 64 a factor of 19511552?
True
Is 2113042 a multiple of 63?
False
Is 3596845350 a multiple of 6090?
True
Is 3 a factor of 118550307?
True
Does 642 divide 139299234?
True
Is 132444767 a multiple of 41?
False
Is 106722048 a multiple of 632?
True
Is 1994812728 a multiple of 11468?
True
Does 18 divide 5389188210?
True
Does 4 divide 75486247?
False
Is 238156932 a multiple of 3?
True
Is 118959118 a multiple of 20?
False
Is 888771 a multiple of 38?
False
Is 1349 a factor of 139176330?
True
Does 109 divide 330664336?
False
Does 177 divide 1728188529?
True
Is 22707240 a multiple of 136?
True
Is 107362234 a multiple of 144?
False
Is 57762241 a multiple of 67?
True
Does 2029 divide 30104377?
False
Is 3382526887 a multiple of 3020?
False
Is 735 a factor of 1695324310?
False
Is 432877163 a multiple of 82?
False
Is 18 a factor of 81576444?
False
Is 175483978 a multiple of 31?
False
Is 821706202 a multiple of 11?
False
Is 208070460 a multiple of 390?
True
Is 97570461 a multiple of 95?
False
Is 26356829 a multiple of 1949?
False
Does 8 divide 128948392?
True
Is 26 a factor of 53146307?
False
Does 2 divide 209264906?
True
Is 1178 a factor of 89729678?
False
Is 856373580 a multiple of 60?
True
Is 80 a factor of 103131920?
True
Does 18 divide 205377499?
False
Is 6759168 a multiple of 23?
False
Is 15 a factor of 4982104?
False
Is 330512300 a multiple of 3638?
True
Is 770110856 a multiple of 5180?
False
Is 47689947 a multiple of 9?
True
Is 7124 a factor of 1565145485?
False
Is 491096439 a multiple of 19?
True
Is 87803628 a multiple of 98?
False
Is 35122695 a multiple of 5?
True
Is 230 a factor of 120640186?
False
Does 2858 divide 1666697?
False
Is 1532 a factor of 334728212?
True
Is 37559462 a multiple of 73?
False
Is 128343617 a multiple of 635?
False
Is 23316775 a multiple of 1078?
False
Is 3178 a factor of 1028753881?
False
Does 12 divide 280861032?
True
Does 103 divide 15025022?
True
Is 2473718976 a multiple of 4926?
True
Is 6103 a factor of 15892212?
True
Is 204 a factor of 602567448?
True
Does 139 divide 470855133?
True
Is 12 a factor of 113636753?
False
Is 509 a factor of 214370875?
False
Does 32 divide 583085511?
False
Is 651082051 a multiple of 53?
True
Does 10 divide 12783283?
False
Is 36 a factor of 105771780?
True
Is 22597413 a multiple of 11?
False
Is 464 a factor of 7534288?
False
Is 54 a factor of 455740362?
False
Is 542 a factor of 49515198?
False
Is 143 a factor of 54958475?
True
Is 555 a factor of 4654061835?
True
Is 5 a factor of 191102455?
True
Does 66 divide 190593689?
False
Is 38 a factor of 21209038?
False
Is 793 a factor of 284906344?
False
Is 24 a factor of 243165000?
True
Is 374407644 a multiple of 78?
True
Is 2914221756 a multiple of 451?
False
Is 865615254 a multiple of 14?
True
Does 10 divide 2183087770?
True
Is 4619019030 a multiple of 526?
True
Does 31 divide 7833101?
False
Is 1151 a factor of 350741284?
False
Is 355015980 a multiple of 708?
True
Does 112 divide 19773264?
True
Is 3419 a factor of 100733756?
False
Is 29980402 a multiple of 8?
False
Is 63199248 a multiple of 717?
True
Is 335779576 a multiple of 184?
True
Does 18 divide 86322288?
False
Does 20 divide 270673320?
True
Is 239 a factor of 1193242633?
True
Does 704 divide 75563136?
True
Does 12 d